 r(-6)?
-18
Let q(x) = -28*x + 215. What is q(8)?
-9
Let i(v) = -2*v - 62. Calculate i(-29).
-4
Let h(j) = j**3 - 16*j**2 + 24*j + 42. What is h(14)?
-14
Let o(j) = -8*j + 2. Give o(2).
-14
Let f(m) = m**3 - 12*m**2 + 5*m - 6. Calculate f(8).
-222
Let l(u) = 12*u**2 + 2*u + 1. What is l(-1)?
11
Let v(z) = -5*z**2. Give v(1).
-5
Let o(h) = h**2 + h - 3. Give o(0).
-3
Let s(h) = 6*h**2 + 20*h + 3. Give s(-2).
-13
Let w(z) = -11*z + 1. Determine w(1).
-10
Let p(d) = d**2 - 17*d - 16. Calculate p(18).
2
Let h(u) = 3*u**2 - u - 11. Give h(-3).
19
Let f(l) = l**2 - 10*l - 3. Give f(15).
72
Let k(g) = 2*g**3 - 6*g**2 - 4*g + 16. What is k(3)?
4
Let t(i) = 11*i - 3. What is t(1)?
8
Let q(o) = o**3 - 7*o**2 + 8*o - 6. Calculate q(8).
122
Let s(q) = 2*q**3 - 9*q**2 + 6*q - 39. Calculate s(5).
16
Let u(y) = -3*y - 18. What is u(-5)?
-3
Let g(q) = q**3 + 3*q**2 - 3*q - 4. What is g(-4)?
-8
Let a(b) = b - 2. What is a(2)?
0
Let d(u) = 11*u - 115. Determine d(10).
-5
Let p(o) = o**2 + 10*o + 11. Give p(-6).
-13
Let m(y) = -15*y - 125. Determine m(-9).
10
Let d(b) = -6*b + 60. Give d(11).
-6
Let i(w) = -6*w - 157. Determine i(-26).
-1
Let v(x) = -10*x + 80. What is v(6)?
20
Let q(w) = -2*w**2 + 6*w + 7. Calculate q(-3).
-29
Let a(k) = -k + 3. What is a(4)?
-1
Let t(v) = 2*v**2 - 5*v + 7. Calculate t(5).
32
Let y(s) = -6*s + 2. Give y(-3).
20
Let y(n) = n**3 + n**2 + 27. Give y(0).
27
Let g(o) = 6*o - 3. Give g(2).
9
Let i(r) = -r**3 - 3*r**2 + 88*r + 3. What is i(8)?
3
Let y(f) = f - 8. Calculate y(-12).
-20
Let s(d) = -d**3 - 6*d**2 + 93*d + 31. Calculate s(-13).
5
Let f(y) = -9*y - 138. What is f(-15)?
-3
Let u(g) = -g**2 + 4*g + 95. What is u(12)?
-1
Let b(k) = -k + 7. Determine b(-6).
13
Let u(n) = n - 4. Give u(15).
11
Let s(b) = -3*b - 1. Determine s(-4).
11
Let q(i) = -i**2 + i - 3. What is q(-4)?
-23
Let l(k) = k**3 - 12*k**2 + 20*k - 2. What is l(10)?
-2
Let a(h) = -h**3 + 9*h**2 - 9*h + 4. What is a(8)?
-4
Let t(m) = m**3 - 10*m**2 + 8*m - 72. Determine t(10).
8
Let l(g) = -g**3 - 4*g**2 - 3*g - 4. Calculate l(-3).
-4
Let q(y) = -y**3 - 3*y**2 + 13*y. Calculate q(-6).
30
Let q(f) = -37*f - 150. Determine q(-4).
-2
Let a(y) = -2*y**3 + 2*y**2 - 5*y - 6. Determine a(-3).
81
Let s(p) = -4*p - 6. Determine s(-3).
6
Let d(z) = -z - 6. What is d(-12)?
6
Let i(x) = x + 1. Determine i(-1).
0
Let m(j) = j**3 + 10*j**2 - j + 6. Determine m(-10).
16
Let u(x) = 5*x**2 + 5*x - 1. Give u(4).
99
Let t(o) = o**3 + 5*o**2 - 9*o + 4. What is t(-7)?
-31
Let x(d) = 2*d**3 + 6*d**2 + 4*d + 9. Give x(-4).
-39
Let u(s) = -7*s + 72. Determine u(21).
-75
Let t(k) = -k**2 + 13*k - 24. Give t(10).
6
Let k(g) = g**3 + 25*g**2 + 48*g + 50. Determine k(-23).
4
Let q(k) = -k**3 + 6*k**2 + 74*k + 11. What is q(-6)?
-1
Let c(g) = g**2 - 42*g - 86. Calculate c(44).
2
Let z(h) = 12*h - 275. Give z(23).
1
Let x(a) = -a**2 - 4*a + 2. Determine x(-4).
2
Let l(f) = f - 4. Determine l(-4).
-8
Let c(d) = 2*d + 7. Determine c(-3).
1
Let t(a) = 12*a**3 - 2*a + 3. Determine t(2).
95
Let d(m) = m**2 + 7*m + 3. Determine d(-6).
-3
Let u(r) = -r**2 - 21*r - 23. Determine u(-19).
15
Let g(x) = -x**3 - x + 28. What is g(0)?
28
Let o(m) = -m**2 + 11*m + 43. Calculate o(15).
-17
Let w(f) = -f**3 - 8*f**2 - 8*f. Give w(-7).
7
Let w(c) = c**2 + 4*c - 17. Determine w(-7).
4
Let c(s) = -2*s**2 + 36*s - 41. What is c(18)?
-41
Let q(t) = -t**2 + 13. What is q(-6)?
-23
Let u(o) = o**2 - 7*o + 13. What is u(8)?
21
Let l(w) = -w**3 + 3*w**2 + 2*w - 1. Determine l(3).
5
Let d(l) = -l - 2. Determine d(-2).
0
Let t(o) = o**2 + 2*o - 14. Give t(6).
34
Let a(y) = 31*y - 79. What is a(3)?
14
Let u(x) = x**3 - 43*x**2 + 82*x - 5. Calculate u(41).
-5
Let o(k) = -k**2 - 2*k + 60. Give o(-8).
12
Let b(w) = w**3 - 5*w**2 + 3*w + 9. Give b(4).
5
Let j(t) = -t**3 + 12*t**2 - 5*t - 1. Determine j(11).
65
Let q(u) = -u**2 + 16*u + 18. Give q(17).
1
Let m(p) = 22*p. What is m(1)?
22
Let f(k) = -k**3 + 2*k**2 + 6*k - 2. Give f(5).
-47
Let m(l) = l + 18. Calculate m(-7).
11
Let v(s) = s**2 + 20*s - 20. Give v(-21).
1
Let t(i) = -8*i - 37. Calculate t(-5).
3
Let n(u) = 5*u + 2. Calculate n(-1).
-3
Let j(t) = t**2 - 18*t + 17. Give j(18).
17
Let s(m) = -8*m**2 - 44*m - 1. Give s(-5).
19
Let j(l) = l - 21. What is j(-9)?
-30
Let b(y) = 32*y - 406. What is b(13)?
10
Let k(r) = -r - 14. Give k(-11).
-3
Let s(y) = -7*y + 13. Calculate s(1).
6
Let a(w) = w**3 - 19*w**2 - 21*w + 18. What is a(20)?
-2
Let z(p) = -p**3 + 3*p**2 + p. Give z(-2).
18
Let j(k) = -2*k**2 - 14*k + 5. What is j(-7)?
5
Let q(k) = -11*k + 286. Calculate q(26).
0
Let g(a) = 4*a - 42. Calculate g(6).
-18
Let h(n) = 11*n - 19. What is h(7)?
58
Let f(d) = -d**3 + 3*d**2 + 5*d - 14. Calculate f(3).
1
Let k(h) = 9*h - 80. Calculate k(10).
10
Let a(g) = 2*g**3 - 11*g**2 - 15*g + 60. Calculate a(6).
6
Let x(a) = -a**2 - 20*a + 7. Determine x(-8).
103
Let d(h) = h**3 + 8*h**2 + 7*h - 9. Calculate d(-7).
-9
Let h(t) = t**2 - 29*t + 52. What is h(27)?
-2
Let x(l) = l**3 - 13*l**2 + 31*l - 41. Give x(11).
58
Let c(l) = 29*l**2 - 6*l - 5. Give c(-1).
30
Let x(b) = b**2 + 55*b - 6. What is x(-55)?
-6
Let i(n) = -n - 1. What is i(-2)?
1
Let q(w) = -w**3 - 6*w**2 + 7. Give q(-7).
56
Let v(r) = -6*r**2 + 19*r - 3. What is v(3)?
0
Let x(v) = v**3 - 3*v + 4. What is x(2)?
6
Let m(j) = -j**2 - 8*j + 11. Determine m(-11).
-22
Let t(o) = o**3 - 6*o**2 - 7*o - 1. Determine t(7).
-1
Let g(m) = -m**2 - 7*m + 16. What is g(-9)?
-2
Let k(w) = -2*w**2 - 23*w + 12. Determine k(-11).
23
Let w(j) = -j**3 + 12*j**2 - 12*j + 10. Determine w(11).
-1
Let y(a) = -a + 13. What is y(24)?
-11
Let u(r) = 2*r + 1. Determine u(-3).
-5
Let u(k) = 3*k + 3. Determine u(-4).
-9
Let s(p) = p**3 + 2*p**2 - p - 1. Calculate s(-3).
-7
Let j(i) = 19*i + 147. Calculate j(-8).
-5
Let h(a) = -9*a + 20. What is h(6)?
-34
Let g(j) = -4*j**2 - 5*j - 8. Determine g(-2).
-14
Let y(a) = a**2 - 3*a - 1. Determine y(3).
-1
Let p(j) = -13*j - 82. Calculate p(-8).
22
Let x(k) = -k + 6. What is x(4)?
2
Let u(p) = 38*p + 26. Determine u(-1).
-12
Let u(m) = 4*m**2 + 19*m - 1. Calculate u(-5).
4
Let b(l) = l**2 + 33*l + 185. Calculate b(-26).
3
Let o(t) = -3*t + 9. What is o(4)?
-3
Let v(n) = -n**2 - 59*n - 408. Determine v(-8).
0
Let u(w) = w**3 + 16*w**2 + 20*w + 59. Determine u(-15).
-16
Let b(h) = -4*h**2 + h. Give b(1).
-3
Let w(j) = -2*j**2 + 2*j - 2. Give w(-1).
-6
Let b(t) = t**3 - 7*t**2 + 13*t + 4. Determine b(6).
46
Let i(u) = -u**3 - 8*u**2 + 2*u + 2. What is i(-8)?
-14
Let w(h) = -h**3 + 12*h**2 + 18*h - 15. Determine w(13).
50
Let q(m) = -m**3 + 20*m**2 + 42*m + 4. What is q(22)?
-40
Let z(h) = h - 11. What is z(14)?
3
Let d(k) = k**2 + 3*k - 5. Determine d(-8).
35
Let r(z) = z**2 + 14*z - 73. What is r(8)?
103
Let v(j) = -6*j**3 - j - 1. What is v(-1)?
6
Let d(k) = -3*k**2 - 68*k - 36. Determine d(-22).
8
Let x(r) = -6*r + 2. Determine x(-6).
38
Let u(v) = 94*v - 371. Calculate u(4).
5
Let g(r) = -r**2 - 9*r + 25. What is g(-11)?
3
Let b(k) = k**2 + 8*k + 3. Calculate b(-6).
-9
Let j(v) = 39*v**2 + v + 1. Give j(1).
41
Let y(g) = 8*g**3 - g + 1. Give y(1).
8
Let y(k) = -11*k - 1. What is y(-2)?
21
Let n(b) = -48*b**2 + 1. Calculate n(-1).
-47
Let k(d) = 8*d - 6. Give k(-6).
-54
Let o(c) = -c**3 + 2*c**2. What is o(-2)?
16
Let k(c) = c**3 - 10*c**2 + 19*c - 27. Determine k(8).
-3
Let z(w) = 2*w**2 + 4*w - 1. Determine z(-7).
69
Let b(j) = -j**2 - 18*j + 444. Give b(-32).
-4
Let d(f) = -f + 9. Determine d(-3).
12
Let w(n) = n**3 - 16*n**2 - 16*n + 13. Determine w(17).
30
Let d(p) = -p + 13. Determine d(6).
7
Let z(p) = -p**3 - 18*p**2 - 31*p - 32. Give z(-16).
-48
Let q(t) = t**2 - 2*t + 4. Give q(3).
7
Let t(m) = m + 9. Calculate t(10).
19
Let z(b) = 2*b + 10. Calculate z(2).
14
Let c(q) = -q**2 + q + 20. What is c(5)?
0
Let h(m) = m**3 + 8*m**2 + 8*m + 3. What is h(-5)?
38
Let y(n) = -n**2 + 14*n - 8. Calculate y(16).
-40
Let m(n) = -n**3 - 7*n**2 - n + 2. Give m(-7).
9
Let y(q) = -q**2 - 22*q - 126. What is y(-13)?
-9
Let w(j) = 7*j + 5. Determine w(-1).
-2
Let d(p) = -8*p - 279. Determine d(-36).
9
Let y(l) = l**3 - 11*l**2 + 14*l - 2. Calculate y(7).
-100
Let l(t) = 84*t + 418. Calculate l(-5).
-2
Let p(h) = -h**2 - 9*h - 15. Determine p(-4).
5
Let j(d) = -d**3 - 7*d**2 + 2*d + 8. Give j(-6).
-40
Let a(b